e the remainder when g is divided by 18.
17
Suppose -3*o + i + 84 = 2*o, -5*o - 4*i + 64 = 0. Let z(j) = -j**3 + 4*j**2 - j - 1. Calculate the remainder when (24/o)/((-1)/(-6)) is divided by z(2).
4
Suppose 0 = -5*j + 4*r + 131, 104 = -0*j + 4*j - 3*r. Suppose -y = -2*o + 132, o + y - 4*y = 61. What is the remainder when o is divided by j?
21
Let l(o) = -o**3 + 11*o**2 - 2*o + 25. What is the remainder when 5 is divided by l(11)?
2
Let j = -3 - -17. Let s = 23 - j. Let k(n) = -n**2 + 4*n + 6. What is the remainder when s is divided by k(4)?
3
Suppose -6 = 2*k - 0*k. Let w be (-39)/(-3) + (-2 - k). Suppose 2*a - 3*a = -4*c - w, 0 = -a + 5*c + 17. What is the remainder when 3 is divided by a?
1
Let u = 6 - -5. Let n = u - 3. Calculate the remainder when 14 is divided by n.
6
Let d(j) = -13*j + 11. Let q be d(-11). Let r = q - 89. What is the remainder when r is divided by 17?
14
Suppose -2*l = -5*n - 0*n + 81, -63 = -5*n - 4*l. Suppose -3*x + 4*x - 17 = 0. Let c = 46 - x. Calculate the remainder when c is divided by n.
14
Calculate the remainder when 47 is divided by 297/18 - (5/2 + -2).
15
Let y(f) = 2*f - 7. Let u be (-10)/(-35) + (-136)/(-14). Let o = -5 - -12. Calculate the remainder when y(u) is divided by o.
6
Let r = 41 + 5. What is the remainder when r is divided by 25?
21
Let u = -6 + -7. Let g(m) = -7*m**2 - 3*m. Let l be g(-2). Let k = u - l. Calculate the remainder when 25 is divided by k.
7
Let k = 46 - 12. Suppose -5*v + k = -26. Suppose -3*c - c + 28 = 0. What is the remainder when v is divided by c?
5
Suppose -5*w - 19 = -119. Let t(q) = -15*q - 2. Calculate the remainder when t(-4) is divided by w.
18
Let f = 24 + 6. Calculate the remainder when 87 is divided by f.
27
Let m(f) = 7*f**3 + 5*f - 2*f**3 - 7*f. Calculate the remainder when m(2) is divided by 19.
17
Suppose 71 = 16*y - 329. What is the remainder when 61 is divided by y?
11
Let m(k) = -2*k**2 - 5*k - 4. Let w be m(-3). What is the remainder when 2 is divided by 4 - (-1 + (-3 - w))?
0
Let i(n) = -48*n + 1. Suppose -5*k + 3*x = -0*x + 9, 5*k + 21 = -3*x. Let p = 14 - k. Calculate the remainder when i(-1) is divided by p.
15
Suppose r = -3, 0 = 5*v + 3*r - 155 - 491. What is the remainder when v is divided by 12?
11
Let f(d) = -12*d + 3. Let i be f(5). Let g = i + 97. Suppose -4*r + g = -12. Calculate the remainder when r is divided by 5.
3
What is the remainder when 39 is divided by ((-4)/(-7))/((-2)/(-28))?
7
Let t = 55 + -30. Calculate the remainder when 2 + (-13)/6 + (-1335)/(-18) is divided by t.
24
Suppose -2*x + 0*x = -10. Suppose 0 = -3*s - x*g - 0 - 6, -5*g = 5*s. Calculate the remainder when 3 is divided by s.
0
Let x(k) = k**2 - 7*k + 9. Let p be x(6). Suppose -p*b = -b - 34. What is the remainder when 31 is divided by b?
14
Let y(t) = -t**2 - t + 5. Calculate the remainder when 6 is divided by y(0).
1
Let y(z) = 5*z - 1 + 20*z**2 - 3*z - 4*z. What is the remainder when 40 is divided by y(-1)?
19
Let g = 15 + 26. What is the remainder when g is divided by 14?
13
Let n = -18 - -33. Calculate the remainder when n is divided by 13.
2
Let a(u) = -u**3 - 2*u**2 + 14*u + 9. What is the remainder when 37 is divided by a(-5)?
9
Calculate the remainder when (7 - 6)*(-24)/(-1) is divided by 13.
11
Suppose 6*s = 4*s + 26. Let h(m) = m**3 + m**2 - m + 11. What is the remainder when h(0) is divided by 7/2 + s/26?
3
Suppose 2*l = 4*a - 26, a - l + 3*l + 6 = 0. Let t be -1 + 82 + 0/a. Suppose 0 = -3*v + t - 18. What is the remainder when 40 is divided by v?
19
Suppose -71 + 15 = -4*a. What is the remainder when 52 is divided by a?
10
Suppose 2*r - 3*o - 47 = 0, 0*o + 6 = 2*o. Calculate the remainder when 0 - (-212)/4*1 is divided by r.
25
Let s(n) = -4*n - 10. Let k be s(6). Calculate the remainder when (-2)/((-2 + 4)/k) is divided by 9.
7
Let s = 9 - 5. Suppose -s*j = -5*j + 30. Suppose -5*z + j = -0*z. Calculate the remainder when z is divided by 2.
0
Let z = -27 - -11. Suppose 2*k - 3 - 5 = 0. What is the remainder when 2 - z - 2 - 2 is divided by k?
2
Suppose 98 = 4*r + 22. What is the remainder when 54 is divided by r?
16
Let z(o) = 18*o**3 + o. What is the remainder when 1/((0 - -2)/110) is divided by z(1)?
17
Let v(z) = -z**2 + 15*z + 15. Let s be v(18). Let j be ((-2)/(-4))/(1/(-26)). Let g = j - s. Calculate the remainder when g is divided by 14.
12
Let u(z) = z + 1. Let y(o) be the first derivative of o**4/4 - 2*o**3/3 - 5*o**2/2 - 2*o - 4. What is the remainder when y(4) is divided by u(3)?
2
Suppose 74 = 5*i + 19. Let m(a) be the second derivative of a**3/6 - 3*a. What is the remainder when i is divided by m(6)?
5
Suppose -5*u + 45 = 6*c - c, -7 = c + 5*u. Let r = 9 + c. What is the remainder when r is divided by 12?
10
Suppose -2*d = -2*r + 72, 10 = r + 4*d - 1. Calculate the remainder when 119 is divided by r.
26
Suppose -2*t + t = -2. Let n be (-23 + (3 - t))*-1. Suppose u + n = 3*u. What is the remainder when 21 is divided by u?
10
Let t = 11 + -16. Let o(w) = -28*w - 4. Let x(q) = 19*q + 3. Let n(h) = t*o(h) - 7*x(h). Calculate the remainder when n(1) is divided by 3.
0
Let k = -5 + 14. Let r(n) = -n**2 + 11*n - 6. Calculate the remainder when 47 is divided by r(k).
11
Let t be 12 + (-2 - 4/(-2)). Let n be t/5 - (-8)/(-20). Suppose -5*s = -n*s - 69. What is the remainder when s is divided by 12?
11
Suppose -4*v + 4 = 76. Let g = 37 + v. Suppose 3*s - 148 = -5*x, -s + 4*s + 4*x - 152 = 0. Calculate the remainder when s is divided by g.
18
Let u = -75 + 141. What is the remainder when u is divided by 14?
10
Let g(u) = 6*u - 11. What is the remainder when 96 is divided by g(6)?
21
Let o(y) = 21*y - 2. What is the remainder when 75 is divided by o(1)?
18
Let z = -8 + 19. Suppose -3*x - 20 = -7*x. Let s = z - x. What is the remainder when 16 is divided by s?
4
Let m = -10 - -15. Suppose 37 = m*p + 5*v - 53, 0 = 5*p - 5*v - 140. Let g = 202 - 134. Calculate the remainder when g is divided by p.
22
Suppose 4*u + 3*h = 53, 2*h = -4*u + 22 + 36. Calculate the remainder when u is divided by 10.
7
Suppose -5*v + 3*v = 0. Suppose v = -2*d - 8 + 32. What is the remainder when ((-138)/d)/(2/(-4)) is divided by 8?
7
Let y(b) = -2*b + 17. What is the remainder when 65 is divided by y(0)?
14
Let z(t) = 2*t**2 + 6*t - 7. What is the remainder when z(-6) is divided by (-140)/(-15) - 2/(-3)?
9
Let g be 2/5 + (-503)/(-5). Suppose -5*f + 3*q + g = 0, 5*f - 78 = 5*q + 17. What is the remainder when 65 is divided by f?
21
Let f(r) = -54*r - 3. What is the remainder when f(-1) is divided by 27?
24
Let l = 18 - 30. Let q = 2 - l. Calculate the remainder when q is divided by 8.
6
Suppose -s - 3 = -6. Suppose -5*a = -6*a + 5. Calculate the remainder when a is divided by s.
2
What is the remainder when 15 is divided by 9/(-12) + (-27)/(-4)?
3
Suppose 10 + 20 = 3*b. Calculate the remainder when 25 is divided by b.
5
Let n(g) = 41*g - 1. Let r(d) = -3*d - 43. What is the remainder when n(1) is divided by r(-19)?
12
Let f(u) = -u**2 + 12*u + 3. Let x(y) = -1 + y**3 + 0 + y + 0*y**3 - 6*y**2. Calculate the remainder when x(6) is divided by f(12).
2
Suppose 0 = -h + 3*q - 1 - 2, -h - 3*q = -3. Suppose -2*t + 3 = -1. Suppose t*d - 14 - 6 = h. Calculate the remainder when 18 is divided by d.
8
Let j(n) = -n**2 + n + 1. Let o be j(0). Let c be ((-2)/(-4))/(o/10). Suppose -z - f = -c, 3*z + 4*f = -6 + 21. What is the remainder when 8 is divided by z?
3
Suppose 9*r = 14*r - 100. What is the remainder when 5/(15/108) - -1 is divided by r?
17
Suppose -3*i = 3*l - 57, -28 = -4*i + 4*l + 24. What is the remainder when i is divided by 6/9*12 + 1?
7
Suppose -7*s + 66 = -4*s. Let b(x) be the first derivative of 3*x**4 - x**3/3 + x**2/2 + 1. What is the remainder when s is divided by b(1)?
10
Let r be (-9)/3*31/(-3). Let q = -23 + r. Calculate the remainder when 13 is divided by q.
5
Suppose -2*x - 4*a + 21 = x, 4*x = a + 9. Suppose q - 8 = -3*q. Calculate the remainder when x is divided by q.
1
Let t = -5 + 17. Suppose 4*a + 4*p = 64, 4*a = -3*p + t + 49. What is the remainder when 37 is divided by a?
11
Suppose 3*q = -2 - 4. Calculate the remainder when (20/(-16))/(q/40) is divided by 13.
12
Let s be 1082/14 - 10/35. Let t = -36 + s. Calculate the remainder when t is divided by 11.
8
Let j(x) = x*